 2. Suppose 30*l + 12 = 24*l. Calculate h(l).
-6
Suppose -4*l = 3*r - 14, -3*r + 5*l + 45 + 5 = 0. Let j(m) = -m**2 + 9*m + 14. Determine j(r).
4
Let z = 327 - 331. Let x(s) be the first derivative of s**3/3 + 2*s**2 + 6*s + 2. What is x(z)?
6
Let x(s) = 2*s. Let g(d) = 16*d + 11. Let u(a) = -g(a) + 6*x(a). Determine u(-4).
5
Let j(q) = q**3 + 9*q**2 + 7. Let o be j(-9). Let y(k) = -2*k - 6. Let d(p) = 3*p + 7. Let u(z) = -3*d(z) - 4*y(z). What is u(o)?
-4
Let t(x) = x**3 - 41 + 7 + 7 + 45*x**2 - 45*x**2. Give t(0).
-27
Let w(p) = -3 - 7*p + 2 - 3*p - 3*p + 14*p - p**2. What is w(-2)?
-7
Let i be (-32)/28*28/(-8). Let b(z) = 2 - 6*z - 4*z**2 + i*z**2 + z**2. Give b(4).
-6
Let k = -997 + 999. Let i(d) = -2*d + 8. What is i(k)?
4
Let a(j) = 4*j + 10*j - j**2 + 16*j + 0*j**2 - 26*j + 17. Calculate a(7).
-4
Let a(k) = -8*k**2 - k + 1. Let w(v) = -28*v + 12. Let r be w(4). Let f = r - -101. Determine a(f).
-8
Let y(n) = -3*n - 7 + 0*n + 2 - 2. Give y(5).
-22
Let v(w) = -38900 + 38881 - 3*w + 2*w. Give v(-7).
-12
Let k be (6 - 158) + 0/(-1). Let a = k + 77. Let w be (-184)/30 - 10/a. Let p(i) = i**2 + 7*i + 8. What is p(w)?
2
Let h be 0 + (-3)/3 - -95. Let j = h + -88. Let c(v) = 2*v + 2. Calculate c(j).
14
Let k(b) be the first derivative of -2*b**3/3 + 3*b**2/2 + b + 141. Give k(-2).
-13
Let s(i) = -2*i - i**3 + 6*i - 4*i**2 + i**2 + 1. Let n = -1 + -7. Let r = 4 + n. Give s(r).
1
Let a(z) = z - 6. Let w be a(9). Let j(l) be the first derivative of l**4/4 - l**3/3 - 2*l**2 - 84. Give j(w).
6
Let w(x) = 3*x**2 + x - 1. Let o be 6*2/(-6)*1. Calculate w(o).
9
Let z(v) = -4 + 3 + 8*v - 3*v**2 + 4*v**2 - v. Let w = 13 - 20. Calculate z(w).
-1
Let l(b) = -b**2 + 3*b + 4. Suppose 0 = 24*o - 19*o - 20. Suppose o = -8*y + 9*y. Determine l(y).
0
Let v(h) = h**3 + 4*h**2 - 6*h + 2. Let j(u) = -u + 10. Let d be j(-10). Suppose 4*s + d = -0*s. Give v(s).
7
Let g(z) = -z**3 + 7*z**2 - 5*z + 3. Let q be g(5). Suppose 0 = -5*o + 3 - q. Let t(d) be the first derivative of -d**4/4 - 2*d**3 - 5*d**2/2 + 9. What is t(o)?
0
Let b(z) = z**3 - 7*z**2 - z + 3. Suppose -21*p + 154 = p. Calculate b(p).
-4
Let i(l) be the second derivative of -l**4/12 + l**3/6 + 3*l**2/2 + 3*l - 11. Calculate i(4).
-9
Let i(b) be the first derivative of -b**2/2 + 5*b - 54. Calculate i(5).
0
Let x be -2*2/(-2)*1. Let z = 47 - 44. Let b(m) = 6*m - z - m - 2*m - m**3. Determine b(x).
-5
Let t(i) = i**3 + 9*i**2 - 2*i - 5. Suppose 57*v - 35*v + 198 = 0. What is t(v)?
13
Let u(p) = 4*p**3 + p - 1. Let a be u(1). Suppose m - a*m = -9. Suppose s - m = 2. Let z(d) = -d**3 + 4*d**2 + 3*d + 3. Calculate z(s).
-7
Let f be (-10)/(-55) - (0 - (-501)/33). Let h(a) = -a**2 - 11*a + 55. Give h(f).
-5
Suppose 0*r - r + 3 = 0. Let n(q) = -6 + 7*q - r*q + q**2 - q**3 + q**2 + 2*q**2. Calculate n(5).
-11
Let t(l) be the second derivative of l**2 + 0*l**4 - 8*l + 0 - 1/20*l**5 + 1/6*l**3. What is t(2)?
-4
Let k = 218 + -170. Suppose 15*d - k = 27*d. Let h(q) = -3*q - 7. Let n(r) = -4*r - 6. Let u(o) = -3*h(o) + 2*n(o). Calculate u(d).
5
Let d be (18/8)/9 + 26/(-8). Let h(x) = -2*x**3 - x**2 + 3*x + 1. What is h(d)?
37
Let j(w) = 3*w - 6. Let k(s) = 4*s - 7. Let h(r) = -5*j(r) + 4*k(r). Suppose 0*y - 24 = -6*y. Suppose -b + 2*t = y*t + 10, -2*t - 4 = -2*b. Give h(b).
0
Let m(x) = 7*x**2 + 36*x + 5. Let z(s) = -3*s**2 - 17*s - 2. Let y(p) = -4*m(p) - 9*z(p). Determine y(8).
6
Let d(k) = 1. Let z(u) = u - 1. Let c(p) = -2*d(p) + z(p). Let q(h) = 1. Let s(a) = a - 3. Let w(o) = -4*q(o) - s(o). Let r be w(-5). Determine c(r).
1
Let l(k) = 2*k**2 + 2*k + 16. Let y(f) be the second derivative of -f**4/4 - f**3/2 - 16*f**2 - 17*f. Let p(t) = 5*l(t) + 3*y(t). What is p(0)?
-16
Suppose 3*i = -i + 4. Let f = i + 1. Let p(k) = -k**2 - 6 + 0 + 0 - 3*k - f*k. Give p(-4).
-2
Let d(i) = i**2 + 12*i + 2. Let w be d(-12). Let c(a) be the second derivative of a**4/12 + a**2/2 - a. Determine c(w).
5
Let m(o) = -17*o**2 - 5*o - 6. Let r(h) = 20*h**2 + 6*h + 6. Let j(w) = -7*m(w) - 6*r(w). Give j(-6).
-24
Let k(a) = -a**2 - 4*a - 9. Let f(c) = 4*c - 6. Let i be f(1). Let j be 9/(3/4*i). Determine k(j).
-21
Let x(q) = 2*q**3 - 2*q**2 + 2*q - 1. Let u = -10 + 8. Let y(t) = -t**3 + 2*t**2 - t + 1. Let j(i) = u*x(i) - 3*y(i). Give j(-1).
-1
Let y(l) = l**2 + 5*l - 4. Let t be y(-5). Suppose 2 = 5*u + 2. Let s(d) = 3*d + u*d - 45 + 45. Calculate s(t).
-12
Let w be 12/(-14)*(-4 + -3). Suppose 10 = 5*h, 2*j - 28 = -0*j + h. Let z(r) = -7 - 14*r**2 + 9 + j*r**2 - 3*r - 3*r. Calculate z(w).
2
Let l(b) = -3*b - 7. Let s = -320 - -318. What is l(s)?
-1
Let v = 8 + -5. Suppose o + 71 = 2*o. Let c(d) = o*d - 73*d - 1 + 1. Calculate c(v).
-6
Let a(f) be the second derivative of -f**5/20 - f**4/2 + 5*f**3/6 - f**2 + 256*f + 1. Calculate a(-6).
-32
Suppose -2*d - 4*c = -8, 3*d + 5*c = -d + 13. Let v(f) = 55*f - 119*f - 7 + f**d + 59*f. Determine v(6).
-1
Let s(j) = -j - 16. Suppose 3*l - 17 = -2*d, 31 + 14 = 3*d - 2*l. What is s(d)?
-29
Let k(z) = -1 - z - 2 - 3*z - 6 + 5*z. Determine k(3).
-6
Let f(v) = -5*v**3 + 32*v**2 - 4*v - 33. Let o(k) = 4*k**3 - 32*k**2 + 3*k + 26. Let u(d) = -3*f(d) - 4*o(d). Give u(32).
-5
Let d(s) = 7*s + 10. Let y(q) = 3*q + 3. Let u(l) = -2*d(l) + 5*y(l). Determine u(6).
1
Let x(a) = -3*a**2 + 6*a - 3. Let u(b) = b**2 + 1. Let o(w) = 4*u(w) + x(w). Suppose -8*i = -i + 28. What is o(i)?
-7
Let r(m) = -2*m**2 + 4*m + 3. Let i = 56 + -58. Calculate r(i).
-13
Let o be -1*1 - 0 - (31 - 27). Let a(c) be the second derivative of c**3/6 - 2*c**2 - 2*c. Give a(o).
-9
Suppose 28*g + 49 + 7 = 0. Let w(a) = 7*a - 2. What is w(g)?
-16
Let v(x) = -x**3 + 1. Let l(w) = -w + 2. Let i be l(-3). Suppose 2*q = i*c, -6*c - 5 = -c - q. Give v(c).
9
Suppose 2*x - 16 = -2*d + 3*x, 0 = 2*d - 5*x - 24. Let n(s) = -5*s + 3 - s**2 - s**2 + d*s**2 - 4*s**2. What is n(5)?
3
Let s(f) = f**2 + f - 4. Let z be (48/10)/(-2 - (-83)/40). Let m = z - 60. Calculate s(m).
16
Suppose 4*q - 5 = -1. Let w be 3 - q - (-10)/(-5). Let m(u) = -22*u - 3. Let g(x) = 35*x + 3. Let t(j) = 5*g(j) + 8*m(j). Calculate t(w).
-9
Let m(p) = -2*p + 1. Let b = 191 - 107. Suppose -6*k = -2*k - b. Let t = 26 - k. Give m(t).
-9
Let k(r) = -r - 1. Let q(x) = -5*x + 4. Let y(p) = 6*k(p) - q(p). Let o be y(-12). Let m(w) = 5*w - 4*w + 0*w**2 + 3*w - 3 - 3*w**o. Give m(2).
-7
Let a(b) be the second derivative of -b**5/20 - b**2 + 3*b + 26. What is a(-2)?
6
Let c(x) = -6*x**2 - 23*x + 2. Let s(z) = -5*z**2 - 20*z + 2. Let y(w) = -4*c(w) + 5*s(w). Determine y(-6).
14
Let w(j) be the second derivative of j**5/20 + j**4 + 2*j**3 - 5*j**2 + 311*j. Give w(-11).
-21
Let y be (42 - 42) + 0/1 + 3. Suppose x + 12 = y*x. Let l(s) = s**3 - 7*s**2 + 6*s + 6. Give l(x).
6
Let f = -2 + 4. Let k = 6 - f. Let v(u) = 2*u - 3*u - 2 - 12 + 12. Give v(k).
-6
Suppose 9 = 3*y, 3*t - 3*y = 7*t - 21. Let v(o) = 5 - 4 - t*o**2 + 2*o**2 - o. Determine v(2).
-5
Let q(j) be the third derivative of -j**5/60 + 5*j**4/24 - j**3/3 + 651*j**2. Let s be 8/2 - (1 - 1). Give q(s).
2
Let i = -13 - -8. Let p = 6 + i. Let f(v) = -v**3 - 10*v**2 + 11*v + 16. Let r(q) = -2*q**2 + 2*q + 3. Let t(l) = -2*f(l) + 11*r(l). Give t(p).
1
Let j(l) be the third derivative of -29*l**5/60 - l**4/24 + l**3/6 + 456*l**2. Determine j(-1).
-27
Let t be ((-2)/11)/((24/88)/(-3)). Let i(s) be the second derivative of 0 + 1/20*s**5 + 3/2*s**t + 7*s + 5/12*s**4 - s**3. Give i(-6).
3
Let t(k) = -5 + 8*k + 2 + 4. Let d(m) = 4*m**3 - 3*m**2 + m + 1. Let c be d(1). Suppose c*u - 1 = 2. Determine t(u).
9
Let o(a) = 15*a. Suppose 4*w - 23 - 1 = 0. Suppose -9*s - 2*c = -w*s - 5, 0 = 3*s - 4*c + 19. What is o(s)?
-15
Let v = -1 + 1. Suppose -10*m + 6*m - 16 = v. Let b(h) = -h + 1. What is b(m)?
5
Let f(u) = u**2 + 9*u + 11. Let g(i) = -8*i**2 - 4*i - 4. Let b(j) = -j**3 - 18*j**2 - 15*j + 33. Let a be b(-17). Let q be g(a). Determine f(q).
3
Let d = -809 - -811. Let p(c) = -8*c + 2. Determine p(d).
-14
Let f(j) be the third derivative of -1/6*j**4 - 1/60*j**5 + 0 + 5/6*j**3 + j**2 + 0*j. Suppose 4*v - 3*l = -5, -4*v + 2*l + 29 = 39. Give f(v).
0
Let d(u) be the second derivative of u**5/20 + 5*u**4/12 - 2*u**3/3 + 2*u**2 - 19*u. Let y = -9 + 11. Let l be (y - (-48)/(-20))*15. Determine d(l).
-8
Let w(u) = 14*u - 5*u + 4 + 3*u**2 - 4*u**2 - 2. Le